{"id":681,"date":"2021-10-22T15:10:00","date_gmt":"2021-10-22T15:10:00","guid":{"rendered":"https:\/\/funlape.com\/?page_id=681"},"modified":"2021-10-22T15:16:57","modified_gmt":"2021-10-22T15:16:57","slug":"enfoques-y-valores","status":"publish","type":"page","link":"https:\/\/funlape.com\/index.php\/enfoques-y-valores\/","title":{"rendered":"enfoques-y-valores"},"content":{"rendered":"<h2>ENFOQUES Y VALORES<\/h2>\n<h2>ENFOQUES<\/h2>\n<p>\t\t<strong>Integralidad:<\/strong>\u00a0Desde enfoque entendemos que el desarrollo de los territorios debe incorporar tanto las actividades econ\u00f3micas (agr\u00edcolas, productivas, comerciales) como las sociales (educaci\u00f3n, salud, organizaci\u00f3n) y la consideraci\u00f3n de diferentes \u00e1reas como lo cultural,\u00a0 ambiental y pol\u00edtico.<strong>Sostenibilidad:<\/strong>\u00a0Sentar las bases necesarias para darle continuidad a las acciones de desarrollo, una vez que concluyan los proyectos<strong>Inclusi\u00f3n:<\/strong>\u00a0Buscamos integrar a la vida comunitaria a todos los miembros de la sociedad, independientemente de su origen, de su actividad, de su condici\u00f3n socio-econ\u00f3mica o de su pensamiento, superando tendencias de exclusi\u00f3n social de grupos de personas que por no poseer medios o recursos para sostenerse por s\u00ed mismos, quedan fuera del sistema.<strong>Desarrollo Econ\u00f3mico Local Solidario:\u00a0<\/strong>Enfoque a partir del cual se impulsan procesos de fortalecimiento de los sistemas productivos para la mejora sostenida de las condiciones de vida de la poblaci\u00f3n, en el marco del respeto al medio ambiente donde los actores locales son protagonistas de los procesos.<\/p>\n<p>Desde este enfoque se pone \u00e9nfasis tanto en los procesos de fortalecimiento de los sistemas econ\u00f3micos como tambi\u00e9n a los medios para logarlos. La dimensi\u00f3n solidaria define los medios aceptables para lograr estos objetivos: impulsa el fortalecimiento de la condici\u00f3n de ciudadan\u00eda de los actores sociales, busca mejorar la dimensi\u00f3n ambiental, impulsar el rol activo de los actores econ\u00f3micos, fortalecer el tejido econ\u00f3mico a partir de las potencialidades locales y profundizar las relaciones de asociatividad y cooperaci\u00f3n horizontal y vertical para incrementar beneficios econ\u00f3micos de hombres y mujeres.<\/p>\n<p><strong>Seguridad y Soberan\u00eda Alimentaria:\u00a0<\/strong>se busca contribuir a que todas personas ejerzan su derecho a acceder a alimentos inocuos, en cantidad y calidad suficientes, en todo momento, para su consumo y utilizaci\u00f3n biol\u00f3gica, tomando en cuenta valores culturales y de sostenibilidad para lograr el bienestar nutricional hacia el desarrollo humano. Desde el enfoque de soberan\u00eda alimentaria se reconoce y fortalece la capacidad y poder de los pueblos, estados y naciones para ejercer el derecho a definir e implementar libremente sus pol\u00edticas y estrategias en alimentaci\u00f3n y nutrici\u00f3n que tiendan a lograr la seguridad alimentaria nutricional como parte de un desarrollo humano sostenible.<strong>Medio Ambiente y cambio clim\u00e1tico:<\/strong>\u00a0Desde enfoque se busca impulsar la capacidad de adaptaci\u00f3n de las comunidades locales al cambio clim\u00e1tico, disminuyendo su vulnerabilidad.\t\t<\/p>\n<h2>DERECHOS<\/h2>\n<p><strong>Cadenas de Valor:\u00a0<\/strong>Se alienta la b\u00fasqueda y concreci\u00f3n de alianzas que se pactan entre actores de un mismo rubro o cadenas productivas, que buscan mejorar su competitividad y trabajar bajo la l\u00f3gica de que todos ganan.<\/p>\n<p><strong>G\u00e9nero:\u00a0<\/strong>Desde el enfoque de g\u00e9nero se busca contribuir a disminuir las brechas de inequidad que afectan especialmente a mujeres rurales, impulsando el desarrollo de un ambiente favorable a nivel familiar, comunal, organizativo y municipal, para que las mujeres desarrollen sus actividades productivas, econ\u00f3micas y organizativas.<strong>Generacional:\u00a0<\/strong>Este enfoque apunta al an\u00e1lisis en tiempo y espacio de las relaciones intrageneracionales e intergeneracionales, en contextos determinados, tomando en cuenta los ciclos de vida, roles, acciones e imaginario-simb\u00f3licos que las personas en funci\u00f3n de su edad establecen con sus entornos, la sociedad y sus instituciones.<strong>Riesgos:<\/strong>\u00a0\u00a0Se pretende \u00a0la administraci\u00f3n eficiente de riesgos como medios efectivos a trav\u00e9s de los cuales la incertidumbre se maneja de forma sistem\u00e1tica, para aumentar la probabilidad de lograr objetivos.\t\t<\/p>\n<h2>VALORES<\/h2>\n<p>\t\tOrientaciones, gu\u00edas, convicciones, creencias, que encaminan el accionar institucional con el fin de hacer lo correcto.<strong>Trabajo en Equipo:<\/strong>\u00a0Cada uno de los miembros de la instituci\u00f3n, se integra a un grupo laboral y se busca activamente trabajar en el marco de una colaboraci\u00f3n\u00a0 continua, integrando y combinando diferentes visiones, profesiones y colaboraci\u00f3n mutua.\u00a0<strong>Transparencia:<\/strong>\u00a0Realizamos nuestro trabajo con claridad, honestidad y honradez.\u00a0 Disponemos informaci\u00f3n clara, entendible y accesible al p\u00fablico. Se promueve la transparencia como un valor elemental para generar confianza y credibilidad.<strong>Respeto:\u00a0<\/strong>No imponer un modo de ver ni dejar que se imponga un modo de ver. Tolerancia y respeto a la libertad de expresi\u00f3n.<strong>Solidaridad:\u00a0<\/strong>Apoyo, respaldo, ayuda, protecci\u00f3n y colaboraci\u00f3n mutua en el trabajo que nos permite sentirnos unidos a otras personas, para luchar por una vida justa.<strong>Innovaci\u00f3n:<\/strong>\u00a0B\u00fasqueda constante por desarrollar nuevas y mejores formas de lograr nuestros objetivos y encontrar estrategias que permitan hacer m\u00e1s con menos.<strong>Compromiso:<\/strong>\u00a0Damos lo mejor de nosotros para lograr nuestros objetivos y garantizamos el cumplimiento de los compromisos adquiridos.\t\t<\/p>\n<ul>\n<li>\n\t\t\t\t\t\t\t\t\t<\/li>\n<li>\n\t\t\t\t\t\t\t\t\t<\/li>\n<li>\n\t\t\t\t\t\t\t\t\t<\/li>\n<\/ul>\n","protected":false},"excerpt":{"rendered":"<p>ENFOQUES Y VALORES ENFOQUES Integralidad:\u00a0Desde enfoque entendemos que el desarrollo de los territorios debe incorporar tanto las actividades econ\u00f3micas (agr\u00edcolas, productivas, comerciales) como las sociales (educaci\u00f3n, salud, organizaci\u00f3n) y la consideraci\u00f3n de diferentes \u00e1reas como lo cultural,\u00a0 ambiental y pol\u00edtico.Sostenibilidad:\u00a0Sentar las bases necesarias para darle continuidad a las acciones de desarrollo, una vez que concluyan &hellip;<\/p>\n<p class=\"read-more\"> <a class=\"\" href=\"https:\/\/funlape.com\/index.php\/enfoques-y-valores\/\"> <span class=\"screen-reader-text\">enfoques-y-valores<\/span> Read More &raquo;<\/a><\/p>\n","protected":false},"author":1,"featured_media":0,"parent":0,"menu_order":0,"comment_status":"closed","ping_status":"closed","template":"","meta":{"footnotes":""},"_links":{"self":[{"href":"https:\/\/funlape.com\/index.php\/wp-json\/wp\/v2\/pages\/681"}],"collection":[{"href":"https:\/\/funlape.com\/index.php\/wp-json\/wp\/v2\/pages"}],"about":[{"href":"https:\/\/funlape.com\/index.php\/wp-json\/wp\/v2\/types\/page"}],"author":[{"embeddable":true,"href":"https:\/\/funlape.com\/index.php\/wp-json\/wp\/v2\/users\/1"}],"replies":[{"embeddable":true,"href":"https:\/\/funlape.com\/index.php\/wp-json\/wp\/v2\/comments?post=681"}],"version-history":[{"count":4,"href":"https:\/\/funlape.com\/index.php\/wp-json\/wp\/v2\/pages\/681\/revisions"}],"predecessor-version":[{"id":685,"href":"https:\/\/funlape.com\/index.php\/wp-json\/wp\/v2\/pages\/681\/revisions\/685"}],"wp:attachment":[{"href":"https:\/\/funlape.com\/index.php\/wp-json\/wp\/v2\/media?parent=681"}],"curies":[{"name":"wp","href":"https:\/\/api.w.org\/{rel}","templated":true}]}}